3 is divided by 31.
28
Let y = 27555 + -26596. What is the remainder when y is divided by 24?
23
Let v = 14037 + -5994. Calculate the remainder when v is divided by 9.
6
Let r be 41/2 - 1/2. Let l be (-1)/((-15)/r - 33/(-60)). Suppose l = w - 13. What is the remainder when w is divided by 10?
8
Suppose -4*n - 23 = -4*d - 3, -4*d + 2*n = -20. Suppose 2*q = -d*y - 8, 0 = 4*y - 4*q + 5*q + 7. Let k = y - -4. What is the remainder when 4 is divided by k?
0
Let s(o) be the second derivative of o**3/6 - 3*o**2 + 25*o. What is the remainder when (-28)/(-7) - -4*12 is divided by s(12)?
4
Let i(b) = -263*b + 2475. What is the remainder when 132 is divided by i(9)?
24
Suppose 0 = 17*f - 7*f - 100. What is the remainder when (84/24)/(2/44) is divided by f?
7
What is the remainder when (-105)/14*14046/(-207) - 2/(-23) is divided by 102?
101
Let l = -64 + 53. Let w = 2 - l. Suppose 24 = 2*v + 5*g, -4*g = 4*v - 23 - w. What is the remainder when 41 is divided by v?
6
Suppose -10*m + 9*m = 3, -6*f - 3*m = -915. Suppose 4*t = -14 + 6. Calculate the remainder when f is divided by ((-2)/(-1))/(t/(-26)).
24
Let y = -136 - -1466. Suppose 5*o + 445 = y. What is the remainder when o is divided by 45?
42
Suppose 0 = 4*z - 5*c - 16, -3*c = 3*z - 5 - 7. Calculate the remainder when ((-1248)/(-26))/(60/80) is divided by z.
0
Suppose g - 22*g = 402 - 1704. Calculate the remainder when 123 is divided by g.
61
Let r(y) = 27*y**3 - 4*y**2 + 41*y - 91. Calculate the remainder when r(3) is divided by 43.
37
Let o(t) = 79*t + 79. Let y be o(-4). Let m = 251 + y. What is the remainder when 66 is divided by m?
10
Suppose 30*c - 25*c = 25. Suppose v + 205 = c*n, -5*v - 25 = -0*v. Calculate the remainder when 157 is divided by n.
37
Let f = -468 - -469. Let x(d) = 552*d - 10. What is the remainder when x(f) is divided by 68?
66
Let d = 38 + -11. Calculate the remainder when 1 - -50 - ((-329)/(-47) + -16) is divided by d.
6
Let b = 135 - 45. Let k be (48/10)/((-4)/b). Calculate the remainder when 1/(-9) + (-16968)/k is divided by 20.
17
Suppose -14*i + 19*i = -25, 2*b - 5*i - 77 = 0. Calculate the remainder when 893 is divided by b.
9
Suppose 0 = -5*p + 5*a + 1485, -5*p - 109 = a - 1570. Let j = -150 + p. Calculate the remainder when j is divided by 18.
17
Suppose 4*p - 5*i = 534, p + 676 = -4*i + 820. Calculate the remainder when p is divided by 13.
6
Let b(d) = -2*d**3 - 118*d**2 + 28. Suppose 5*m + 6 = 116. What is the remainder when b(-59) is divided by m?
6
Suppose 38*r - 522 = 2175 - 37. Calculate the remainder when 87 is divided by r.
17
Let v = 60 - 74. Let y = v - 82. Let b = y + 123. What is the remainder when 34 is divided by b?
7
Let x(z) = z**3 - 2*z**2 - 3. Let o(f) = -998*f - 3967. Calculate the remainder when o(-4) is divided by x(3).
1
Suppose 156 = 5084*k - 5080*k. What is the remainder when 356 is divided by k?
5
Let x(m) = 73*m - 347. Calculate the remainder when x(14) is divided by 26.
25
Suppose -775*z = -782*z + 35. Suppose 3*p = 2*u + 137, 5*u - 71 = -z*p + 124. What is the remainder when 210 is divided by p?
38
Let h(a) = -4*a - 160. What is the remainder when h(-64) is divided by 20?
16
Suppose 0 = -4*r - 0. Suppose 0 = -r*f + 3*f + 675. Let y = -130 - f. What is the remainder when y is divided by 24?
23
Suppose -4*y + 8*y - 5*n - 2082 = 0, 2 = -n. What is the remainder when y is divided by 52?
50
Suppose -3*f - 573 = -3*p, -2*p + 78*f = 80*f - 390. Calculate the remainder when p is divided by 90.
13
Suppose 244 = -9*o + 206 + 524. What is the remainder when 170 is divided by o?
8
Let x(z) = 7*z**2 - 23*z**3 + 23 + 25*z**3 - 6*z - 3*z**3. What is the remainder when x(6) is divided by 17?
6
Suppose -5*g = -2958 + 2823. Calculate the remainder when 44 is divided by g.
17
Suppose -i - 45 = 4*x + 2720, 5*x + 3454 = -2*i. Let h = -667 - x. Suppose -z - 4 = -4*t, 5*z - 2*t = 4*z. What is the remainder when h is divided by z?
1
Suppose w + 2*t = -7691 - 28823, -2*w = -5*t + 72983. What is the remainder when ((-1)/3)/(36/w) is divided by 11?
8
Let f(m) = -m**2 + 4*m + 26. Let q be f(7). Calculate the remainder when 170 is divided by (-3)/q + (3136/20)/8.
18
Suppose 2*u = -4*g + 46, 0 = 4*g - 12*u + 7*u - 53. Let r(c) = 3*c + 83. What is the remainder when r(g) is divided by 12?
11
Calculate the remainder when 123 is divided by (40775/(-560) - 6/32)/(-2 + 1).
50
Suppose x + 2*j - 18 = -0*j, 4*x - 7 = 5*j. Suppose 4*k + 65*k - 442 = 52*k. Calculate the remainder when k is divided by x.
2
Suppose 4*g + g - 50 = 0. Calculate the remainder when 10280/60 - (-7)/(-3) is divided by g.
9
Let d = -439 + 463. Suppose 4*w - 9*w = 2*b - 51, 2*b = 4*w + 6. Calculate the remainder when d is divided by b.
11
Let p = 18067 - 17524. Calculate the remainder when p is divided by 55.
48
Let w be 4 - 3/(3/4). Let d be w*(-4)/12 - 2 - -7. Suppose l + 3 = -4*p, -d*l + 115 = p + 35. Calculate the remainder when 83 is divided by l.
15
Suppose 0 = -2*k - 5*w + 124, 17*k - 18*k = w - 56. Calculate the remainder when 84 is divided by k.
32
Let f = -1860 - -2169. Calculate the remainder when f is divided by 151.
7
Suppose 0 = -907*u + 905*u + 2634. Calculate the remainder when u is divided by 20.
17
Let i(y) = 6*y - 4. Let w be i(2). Suppose 0 = -w*r + 11 + 93. Suppose -9*p + 6*p = -27. Calculate the remainder when r is divided by p.
4
Suppose -134*u = 51*u - 70670. What is the remainder when u is divided by 35?
32
Suppose -p - 105264 = 2*s, -p + 3*p + 210524 = -2*s. What is the remainder when 6/22 + p/(-1045) is divided by 12?
5
Let r(d) = -262*d**3 + d + 2. Let i be r(-1). Suppose 2166 = 11*a + i. What is the remainder when a is divided by 25?
23
What is the remainder when (-844)/((-4)/(-189)*-7) is divided by 74?
73
Let a be (-15)/(-20) + (-15)/20 - -156. Suppose 2*z - 8*z = -a. Calculate the remainder when 29 is divided by z.
3
Suppose -4*y - i + 15821 = -6*i, 3962 = y + i. What is the remainder when y is divided by 14?
11
What is the remainder when 5/1*10/((-550)/(-1969)) is divided by 61?
57
Let u(n) = -7*n**2 + n**2 - 3*n**3 - 4203 + 4237 + 15*n. What is the remainder when u(-5) is divided by 95?
89
Suppose -5*i = 2*k - 75, -202*i = -203*i + 7. Calculate the remainder when 2097 is divided by k.
17
Suppose 279*b - 4*g - 29426 = 274*b, 20 = -5*g. What is the remainder when b is divided by 10?
2
What is the remainder when ((-62)/4 + -1)*(-5322)/887 is divided by 4?
3
Let d(z) = 2*z**3 - 30*z**2 + 25*z - 3. Calculate the remainder when d(15) is divided by 116.
24
Suppose 6*d - 1044 = 9*d - 12*d. What is the remainder when 699 is divided by d?
3
Let d be (-4 - (-36)/6) + 91. Let v = d + -81. What is the remainder when 35 is divided by v?
11
Suppose 2*n + 5 = 29. Let b(h) = h**2 + 24*h - 48. Let x be b(-26). What is the remainder when 9/n - (-85)/x is divided by 8?
6
Suppose 3*w = 0, 5*s - 12700 - 935 = 3*w. Calculate the remainder when s is divided by 182.
179
Suppose 2 = z, a - 2*z = -6*z + 173. Calculate the remainder when 492 is divided by a.
162
Let j(h) = -22*h + 176. Calculate the remainder when j(3) is divided by 43.
24
Let s(v) = -14*v - 24. Let w(d) = -2*d**2 + 6*d - 5. Let n be w(3). What is the remainder when 229 is divided by s(n)?
45
Calculate the remainder when 49/1 - (-1662)/(-277) is divided by 26.
17
Let l(x) = 3*x**2 - 2. Let i = -4 + 2. Let u(a) = -21*a + 312. What is the remainder when u(14) is divided by l(i)?
8
Suppose -7*t = -3*t - 332. Suppose 4*o - t - 17 = 0. Suppose -11*k = 10*k - 209 + 62. What is the remainder when o is divided by k?
4
Suppose 28 = 5*h - 117. Suppose -l - 3 = 0, -4*g + 6*l - 3*l + 97 = 0. Calculate the remainder when h is divided by (190/20)/19*g.
7
Let b = -38 - -41. Suppose -3 = -s + 5*o, s - o - 14 + b = 0. Suppose -s*d - 15 = -14*d. Calculate the remainder when 24 is divided by d.
9
Let w(v) = 10*v + 65. Let l(u) = 4*u + 22. Let f(s) = 8*l(s) - 3*w(s). What is the remainder when 73 is divided by f(19)?
16
Let d(k) = k**3 + 23*k**2 + 41*k + 16. Calculate the remainder when 1109 is divided by d(-21).
36
Suppose 4*f + o = 9319, 379*o = -5*f + 383*o + 11675. Calculate the remainder when f is divided by 155.
6
Let x(i) = 5*i**3 - 12*i**3 - 13*i - 13 + 8*i**3 - 13*i**2. Let m be x(16). Suppose 9*o - m = 11. Calculate the remainder when o is d